{"id":3388,"date":"2016-08-15T13:20:41","date_gmt":"2016-08-15T13:20:41","guid":{"rendered":"http:\/\/minnesota.elated-themes.com\/?page_id=3388"},"modified":"2023-11-09T12:59:09","modified_gmt":"2023-11-09T12:59:09","slug":"quienes-somos","status":"publish","type":"page","link":"https:\/\/amayadap.com\/evo\/quienes-somos\/","title":{"rendered":"Quienes Somos"},"content":{"rendered":"<section class=\"wpb-content-wrapper\"><p>[vc_row row_type=\u00bbparallax\u00bb content_width=\u00bbgrid\u00bb full_screen_section_height=\u00bbno\u00bb center_bck_image=\u00bbno\u00bb css=\u00bb.vc_custom_1477437397866{padding-top: 13% !important;padding-bottom: 11% !important;background-image: url(http:\/\/amayadapimport.local\/wp-content\/uploads\/nosotrosx.jpg?id=9333) !important;}\u00bb][vc_column video_bg=\u00bbyes\u00bb video_bg_url=\u00bbhttps:\/\/www.youtube.com\/watch?v=mQqQOdDyKcM\u00bb video_bg_parallax=\u00bbcontent-moving\u00bb offset=\u00bbvc_col-lg-offset-2 vc_col-lg-8 vc_col-md-12&#8243;]\n<div class=\"eltd-custom-font-holder\" style=\"font-family: Montserrat;font-size: 48px;line-height: 48px;font-weight: 700;text-align: center;color: #ffffff\" data-font-size= 48 data-line-height= 48>\n\tBIENVENIDOS A AMAYADAP<\/div>[vc_empty_space height=\u00bb3px\u00bb][\/vc_column][\/vc_row][vc_row content_width=\u00bbgrid\u00bb center_bck_image=\u00bbno\u00bb css=\u00bb.vc_custom_1472644140005{padding-bottom: 100px !important;}\u00bb][vc_column offset=\u00bbvc_col-lg-6 vc_col-md-12&#8243;][vc_empty_space height=\u00bb50px\u00bb][vc_single_image image=\u00bb10478&#8243; img_size=\u00bb585&#215;400&#8243;][\/vc_column][vc_column offset=\u00bbvc_col-lg-6 vc_col-md-12&#8243;][vc_empty_space height=\u00bb50px\u00bb]<div class=\"eltd-section-title-outer-holder\" style=\"text-align: left\">\n\t<div class=\"eltd-section-title-title-holder\">\n\t\t<span class=\"eltd-section-title\" style=\";;;;;\">\n\t\t\tNUESTRA ASOCIACI\u00d3N\t\t<\/span>\n\t<\/div>\n\n\t<div class=\"eltd-section-subtitle-holder\">\n\t\t<span class=\"eltd-section-subtitle\" style=\";;;;;\">\n\t\t\t\t\t<\/span>\n\t<\/div>\n\n<\/div>[vc_column_text]<strong>AMAYADAP<\/strong> fue creada el 20 de agosto de 1989. Es una C\u00e1mara Gremial Empresaria que representa a todos sus asociados en la defensa de los intereses del sector de la Foresto &#8211; Industria de la Provincia de Misiones, desde el vivero pasando por toda la cadena, Forestadores, Empresas de Servicios, Industrias de la Primera transformaci\u00f3n, Remanufactura y productos finales de la madera implantada y nativa.<br \/>\nActualmente es la asociaci\u00f3n mas importante del pa\u00eds en su tipo, representando mas del 50% de la madera aserrada que produce la Provincia de Misiones.<br \/>\nCon las especies implantadas de pinos se producen desde madera aserrada a tablas y tirantes, cepillados, impregnados con sales CCA, vigas multilaminadas, maderas clear en blocks o unidas mediante fingerjoint, tableros de listones, partes de muebles y muebles elaborados, as\u00ed como tambi\u00e9n, viviendas de maderas. Otros productos son las maderas Contrachapadas, fen\u00f3licos para la construcci\u00f3n, embalajes y otros, y para la industria del mueble, se fabrican maderas terciadas y faqueadas, tanto por el mercado interno como el externo.<br \/>\nPodemos afirmar que los productos de nuestros asociados hoy son reconocidos y apreciados en el mundo entero.[\/vc_column_text][\/vc_column][\/vc_row][vc_row center_bck_image=\u00bbno\u00bb][vc_column][vc_column_text]<\/p>\n<p>[\/vc_column_text][\/vc_column][\/vc_row][vc_row content_width=\u00bbgrid\u00bb center_bck_image=\u00bbno\u00bb css=\u00bb.vc_custom_1472644140005{padding-bottom: 100px !important;}\u00bb][vc_column width=\u00bb1\/3&#8243; offset=\u00bbvc_col-lg-6 vc_col-md-12&#8243;][vc_empty_space height=\u00bb30px\u00bb]<div class=\"eltd-section-title-outer-holder\" style=\"text-align: left\">\n\t<div class=\"eltd-section-title-title-holder\">\n\t\t<span class=\"eltd-section-title\" style=\";;;;;\">\n\t\t\tMISI\u00d3N\t\t<\/span>\n\t<\/div>\n\n\t<div class=\"eltd-section-subtitle-holder\">\n\t\t<span class=\"eltd-section-subtitle\" style=\";;;;;\">\n\t\t\t\t\t<\/span>\n\t<\/div>\n\n<\/div>[vc_column_text]Promover el desarrollo de la cadena de valor de la foresto-industria de su \u00e1rea de influencia y complementarias a la actividad.[\/vc_column_text][\/vc_column][vc_column width=\u00bb1\/3&#8243; offset=\u00bbvc_col-lg-6 vc_col-md-12&#8243;][vc_empty_space height=\u00bb30px\u00bb]<div class=\"eltd-section-title-outer-holder\" style=\"text-align: left\">\n\t<div class=\"eltd-section-title-title-holder\">\n\t\t<span class=\"eltd-section-title\" style=\";;;;;\">\n\t\t\tVISI\u00d3N\t\t<\/span>\n\t<\/div>\n\n\t<div class=\"eltd-section-subtitle-holder\">\n\t\t<span class=\"eltd-section-subtitle\" style=\";;;;;\">\n\t\t\t\t\t<\/span>\n\t<\/div>\n\n<\/div>[vc_column_text]Gestionar los mecanismos necesarios para el desarrollo del mercado nacional e internacional del comercio de la madera[\/vc_column_text][\/vc_column][\/vc_row][vc_row center_bck_image=\u00bbno\u00bb][vc_column][vc_single_image image=\u00bb10480&#8243; img_size=\u00bb1200&#215;266&#8243; alignment=\u00bbcenter\u00bb][\/vc_column][\/vc_row][vc_row center_bck_image=\u00bbno\u00bb][vc_column][vc_column_text]<\/p>\n<p>[\/vc_column_text][\/vc_column][\/vc_row][vc_row content_width=\u00bbgrid\u00bb center_bck_image=\u00bbno\u00bb css=\u00bb.vc_custom_1472644140005{padding-bottom: 100px !important;}\u00bb][vc_column offset=\u00bbvc_col-lg-6 vc_col-md-12&#8243;][vc_empty_space height=\u00bb50px\u00bb]<div class=\"eltd-section-title-outer-holder\" style=\"text-align: left\">\n\t<div class=\"eltd-section-title-title-holder\">\n\t\t<span class=\"eltd-section-title\" style=\";;;;;\">\n\t\t\tOBJETIVOS\t\t<\/span>\n\t<\/div>\n\n\t<div class=\"eltd-section-subtitle-holder\">\n\t\t<span class=\"eltd-section-subtitle\" style=\";;;;;\">\n\t\t\t\t\t<\/span>\n\t<\/div>\n\n<\/div>[vc_column_text]<\/p>\n<ul>\n<li>Promover la Industria Nacional<\/li>\n<li>Impulsar el desarrollo de las exportaciones de madera<\/li>\n<li>Impulsar el mayor consumo de madera per c\u00e1pita en el pa\u00eds<\/li>\n<li>Promover la construcci\u00f3n de viviendas con madera<\/li>\n<li>Promover la industria del mueble<\/li>\n<li>Promover el empleo formal y profesional<\/li>\n<li>Promover la mayor productividad de sus asociados<\/li>\n<li>Informar a sus asociados con informaci\u00f3n de primera mano sobre:\n<ul>\n<li>Situaci\u00f3n actual del sector sobre Mercado<\/li>\n<li>Paritarias<\/li>\n<li>Tecnolog\u00eda<\/li>\n<li>Ofertas de Maquinarias Nuevas y Usadas<\/li>\n<li>Informaci\u00f3n sobre proveedores<\/li>\n<li>Avisos sobre situaciones de fraudes<\/li>\n<li>Posibilidades de financiamiento existentes de diferentes \u00e1mbitos y programas<\/li>\n<li>Informe actualizado de variaci\u00f3n de costos del sector<\/li>\n<\/ul>\n<\/li>\n<\/ul>\n<p>[\/vc_column_text][\/vc_column][vc_column offset=\u00bbvc_col-lg-6 vc_col-md-12&#8243;][vc_empty_space height=\u00bb50px\u00bb]<div class=\"eltd-section-title-outer-holder\" style=\"text-align: left\">\n\t<div class=\"eltd-section-title-title-holder\">\n\t\t<span class=\"eltd-section-title\" style=\";;;;;\">\n\t\t\tBENEFICIOS PARA SOCIOS\t\t<\/span>\n\t<\/div>\n\n\t<div class=\"eltd-section-subtitle-holder\">\n\t\t<span class=\"eltd-section-subtitle\" style=\";;;;;\">\n\t\t\t\t\t<\/span>\n\t<\/div>\n\n<\/div>[vc_column_text]<\/p>\n<ul>\n<li>Defensa de los asociados y del sector foresto-industrial<\/li>\n<li>Posibilidad de coordinar Compras Colectivas Conjuntas<\/li>\n<li>Posibilidad de coordinar Ventas Colectivas Conjuntas en el comercio exterior con una representaci\u00f3n com\u00fan<\/li>\n<li>Capacitaciones para socios, gerentes y operarios<\/li>\n<li>Posibilidades de Negocios entre Socios<\/li>\n<li>Representaci\u00f3n y contacto a nivel provincial con la Confederaci\u00f3n Econ\u00f3mica de Misiones (CEM), a nivel nacional con entidades como la CAME, FAIMA, entre otras que se pueda requerir.<\/li>\n<li>Nexos con representantes de las diferentes dependencias provinciales y nacionales, para gestionar temas que requiere el sector y los socios.<\/li>\n<li>Acceso a informaci\u00f3n de primera l\u00ednea.<\/li>\n<\/ul>\n<p>[\/vc_column_text][\/vc_column][\/vc_row][vc_row content_width=\u00bbgrid\u00bb center_bck_image=\u00bbno\u00bb css=\u00bb.vc_custom_1472644140005{padding-bottom: 100px !important;}\u00bb][vc_column offset=\u00bbvc_col-lg-6 vc_col-md-12&#8243;][vc_empty_space height=\u00bb30px\u00bb]<div class=\"eltd-section-title-outer-holder\" style=\"text-align: left\">\n\t<div class=\"eltd-section-title-title-holder\">\n\t\t<span class=\"eltd-section-title\" style=\";;;;;\">\n\t\t\tNUESTRA UBICACI\u00d3N\t\t<\/span>\n\t<\/div>\n\n\t<div class=\"eltd-section-subtitle-holder\">\n\t\t<span class=\"eltd-section-subtitle\" style=\";;;;;\">\n\t\t\t\t\t<\/span>\n\t<\/div>\n\n<\/div>[vc_column_text]La Asociaci\u00f3n est\u00e1 inserta en una regi\u00f3n de Argentina netamente forestal dado que la Provincia de Misiones cuenta con 1.500.000 hect\u00e1reas de bosques nativos de los cuales 460.000 hect\u00e1reas son reservas y 1.000.000 son manejadas bajo ordenaci\u00f3n controlada por el Gobierno Provincial y 419.000 hect\u00e1reas de bosques implantados, los que se est\u00e1n replantando a un ritmo creciente, respaldados por la ley nacional N\u00b0 25.080 de Bosques Implantados, que mediante apoyo econ\u00f3mico no reintegrable acompa\u00f1a el esfuerzo de los forestadores.<br \/>\nLa zona norte de la Provincia, cuyo epicentro es la ciudad de Eldorado, es la m\u00e1s importante en lo que respecta a la actividad Forestal e Industrial, puesto que en ella se genera el 70% de la producci\u00f3n de la Provincia.<\/p>\n<p>Misiones est\u00e1 ubicada en una regi\u00f3n de clima subtropical h\u00famedo, sin estaci\u00f3n seca con temperaturas medias de 20\u00b0C y 2000 mm de lluvias anuales, sumado a las caracter\u00edsticas de suelo de excelente fertilidad, producen crecimientos promedios de algunas especies de 10 a 30 m3\/ha\/a\u00f1o, los que se ubican en los m\u00e1s altos del mundo y pudiendo obtener ciclos de corte de 20 a\u00f1os o menos, con di\u00e1metros \u2013 DAP \u2013 de 50 cm y alturas de entre 22 y 28 metros con densidades menores a 200 \u00e1rboles por hect\u00e1rea.[\/vc_column_text][\/vc_column][vc_column offset=\u00bbvc_col-lg-6 vc_col-md-12&#8243;][vc_empty_space height=\u00bb30px\u00bb][vc_single_image image=\u00bb10437&#8243; img_size=\u00bb585&#215;400&#8243;]<div class=\"eltd-google-map-holder\">\n\t<div class=\"eltd-google-map\" id=\"eltd-map-1809495\" data-addresses='[\"Malvinas 2063, Eldorado, Misiones, Argentina\"]' data-custom-map-style=false data-color-overlay=#393939 data-saturation=-100 data-lightness=-60 data-zoom=15 data-pin=https:\/\/amayadap.com\/evo\/wp-content\/uploads\/2023\/10\/Amayadap-maps.png data-unique-id=1809495 data-scroll-wheel=false data-height=400px><\/div>\n\t\t\t<div class=\"eltd-google-map-overlay\"><\/div>\n\t<\/div>\n[\/vc_column][\/vc_row]<\/p>\n<\/section>","protected":false},"excerpt":{"rendered":"<p>[vc_row row_type=\u00bbparallax\u00bb content_width=\u00bbgrid\u00bb full_screen_section_height=\u00bbno\u00bb center_bck_image=\u00bbno\u00bb css=\u00bb.vc_custom_1477437397866{padding-top: 13% !important;padding-bottom: 11% !important;background-image: url(http:\/\/amayadapimport.local\/wp-content\/uploads\/nosotrosx.jpg?id=9333) !important;}\u00bb][vc_column video_bg=\u00bbyes\u00bb video_bg_url=\u00bbhttps:\/\/www.youtube.com\/watch?v=mQqQOdDyKcM\u00bb video_bg_parallax=\u00bbcontent-moving\u00bb offset=\u00bbvc_col-lg-offset-2 vc_col-lg-8 vc_col-md-12&#8243;][vc_empty_space height=\u00bb3px\u00bb][\/vc_column][\/vc_row][vc_row content_width=\u00bbgrid\u00bb center_bck_image=\u00bbno\u00bb css=\u00bb.vc_custom_1472644140005{padding-bottom: 100px !important;}\u00bb][vc_column offset=\u00bbvc_col-lg-6 vc_col-md-12&#8243;][vc_empty_space height=\u00bb50px\u00bb][vc_single_image image=\u00bb10478&#8243; img_size=\u00bb585&#215;400&#8243;][\/vc_column][vc_column offset=\u00bbvc_col-lg-6 vc_col-md-12&#8243;][vc_empty_space height=\u00bb50px\u00bb][vc_column_text]AMAYADAP fue creada el 20 de agosto de 1989. Es una C\u00e1mara Gremial Empresaria&#8230;<\/p>\n","protected":false},"author":2,"featured_media":0,"parent":0,"menu_order":0,"comment_status":"closed","ping_status":"closed","template":"full-width.php","meta":{"footnotes":""},"class_list":["post-3388","page","type-page","status-publish","hentry"],"_links":{"self":[{"href":"https:\/\/amayadap.com\/evo\/wp-json\/wp\/v2\/pages\/3388","targetHints":{"allow":["GET"]}}],"collection":[{"href":"https:\/\/amayadap.com\/evo\/wp-json\/wp\/v2\/pages"}],"about":[{"href":"https:\/\/amayadap.com\/evo\/wp-json\/wp\/v2\/types\/page"}],"author":[{"embeddable":true,"href":"https:\/\/amayadap.com\/evo\/wp-json\/wp\/v2\/users\/2"}],"replies":[{"embeddable":true,"href":"https:\/\/amayadap.com\/evo\/wp-json\/wp\/v2\/comments?post=3388"}],"version-history":[{"count":27,"href":"https:\/\/amayadap.com\/evo\/wp-json\/wp\/v2\/pages\/3388\/revisions"}],"predecessor-version":[{"id":10623,"href":"https:\/\/amayadap.com\/evo\/wp-json\/wp\/v2\/pages\/3388\/revisions\/10623"}],"wp:attachment":[{"href":"https:\/\/amayadap.com\/evo\/wp-json\/wp\/v2\/media?parent=3388"}],"curies":[{"name":"wp","href":"https:\/\/api.w.org\/{rel}","templated":true}]}}